{"id":791,"date":"2018-08-29T17:05:28","date_gmt":"2018-08-29T20:05:28","guid":{"rendered":"https:\/\/isfd66-bue.infd.edu.ar\/sitio\/docentes\/"},"modified":"2023-08-17T18:15:19","modified_gmt":"2023-08-17T21:15:19","slug":"docentes","status":"publish","type":"page","link":"https:\/\/isfd66-bue.infd.edu.ar\/sitio\/docentes\/","title":{"rendered":"Docentes"},"content":{"rendered":"<p><span style=\"font-family: verdana, geneva; font-size: 10pt; color: #993366;\"><strong>El cuerpo docente est\u00e1 integrado por:<\/strong><\/span><\/p>\n<p><span style=\"font-family: verdana, geneva; font-size: 10pt; color: #993366;\"><strong style=\"font-family: verdana, geneva; font-size: 12pt;\">Preceptores:<\/strong><\/span><\/p>\n<p><span style=\"font-family: verdana, geneva; font-size: 10pt; color: #993366;\">Alejandra Rocha<\/span><\/p>\n<p><span style=\"font-family: verdana, geneva; font-size: 10pt; color: #993366;\">Manuela\u00a0Loustanau<\/span><\/p>\n<p><span style=\"font-family: verdana, geneva; font-size: 10pt; color: #993366;\">Ceferino Acosta<\/span><\/p>\n<p><span style=\"font-family: verdana, geneva; font-size: 10pt; color: #993366;\"><strong style=\"font-family: verdana, geneva; font-size: 12pt;\">Bibliotecarias:<\/strong><\/span><\/p>\n<p><span style=\"font-family: verdana, geneva; font-size: 10pt; color: #993366;\">Alejandra Vasquez Rey <\/span><\/p>\n<p><span style=\"font-family: verdana, geneva; font-size: 10pt; color: #993366;\">Marcela Quintana<\/span><\/p>\n<p><span style=\"font-family: verdana, geneva; font-size: 10pt; color: #993366;\"><strong>Fonoaudi\u00f3logas:<\/strong><\/span><\/p>\n<p><span style=\"font-family: verdana, geneva; font-size: 10pt; color: #993366;\">Luisa Araya Bugue\u00f1o<\/span><\/p>\n<p><span style=\"font-family: verdana, geneva; font-size: 10pt; color: #993366;\"><strong style=\"font-family: verdana, geneva; font-size: 12pt;\">Profesores:<\/strong><\/span><\/p>\n<table style=\"width: 215px; height: 635px;\" border=\"0\" cellspacing=\"0\" cellpadding=\"0\">\n<colgroup>\n<col width=\"167\" \/> <\/colgroup>\n<tbody>\n<tr>\n<td class=\"xl64\" width=\"167\" height=\"26\"><span style=\"font-family: verdana, geneva; font-size: 10pt; color: #993366;\">Ajuria, Lorena<\/span><\/td>\n<\/tr>\n<tr>\n<td class=\"xl63\" height=\"26\"><span style=\"font-family: verdana, geneva; font-size: 10pt; color: #993366;\">Alberro, Dora<\/span><\/td>\n<\/tr>\n<tr>\n<td class=\"xl63\" height=\"26\"><span style=\"font-family: verdana, geneva; font-size: 10pt; color: #993366;\">Almir\u00f3n, M\u00f3nica<\/span><\/td>\n<\/tr>\n<tr>\n<td class=\"xl63\" height=\"26\"><span style=\"font-family: verdana, geneva; font-size: 10pt; color: #993366;\">Ameijenda, Romina<\/span><\/td>\n<\/tr>\n<tr>\n<td class=\"xl63\" height=\"26\"><\/td>\n<\/tr>\n<tr>\n<td class=\"xl63\" height=\"26\"><span style=\"font-family: verdana, geneva; font-size: 10pt; color: #993366;\">Araya B. Luisa<\/span><\/td>\n<\/tr>\n<tr>\n<td class=\"xl63\" height=\"26\"><span style=\"font-family: verdana, geneva; font-size: 10pt; color: #993366;\">Arias, Matilde<\/span><\/td>\n<\/tr>\n<tr>\n<td class=\"xl63\" height=\"26\"><span style=\"font-family: verdana, geneva; font-size: 10pt; color: #993366;\">Aristegui, Susana<\/span><\/td>\n<\/tr>\n<tr>\n<td class=\"xl63\" height=\"26\"><span style=\"font-family: verdana, geneva; font-size: 10pt; color: #993366;\">Ballester, Guadalupe<\/span><\/td>\n<\/tr>\n<tr>\n<td class=\"xl63\" height=\"26\"><span style=\"font-family: verdana, geneva; font-size: 10pt; color: #993366;\">Ben\u00edtez, Alejandra<\/span><\/td>\n<\/tr>\n<tr>\n<td class=\"xl63\" height=\"26\"><span style=\"font-family: verdana, geneva; font-size: 10pt; color: #993366;\">Carazo, Marcela<\/span><\/td>\n<\/tr>\n<tr>\n<td class=\"xl63\" height=\"26\"><span style=\"font-family: verdana, geneva; font-size: 10pt; color: #993366;\">Carretto, Carlos Santiago<\/span><\/td>\n<\/tr>\n<tr>\n<td class=\"xl63\" height=\"26\"><span style=\"font-family: verdana, geneva; font-size: 10pt; color: #993366;\">Clavijo, Cecilia<\/span><\/td>\n<\/tr>\n<tr>\n<td class=\"xl63\" height=\"26\"><span style=\"font-family: verdana, geneva; font-size: 10pt; color: #993366;\">Corbella, Luciano<\/span><\/td>\n<\/tr>\n<tr>\n<td class=\"xl63\" height=\"26\"><span style=\"font-family: verdana, geneva; font-size: 10pt; color: #993366;\">Cotichelli, Claudia<\/span><\/td>\n<\/tr>\n<tr>\n<td class=\"xl63\" height=\"26\"><span style=\"font-family: verdana, geneva; font-size: 10pt; color: #993366;\">Cotichelli, Noelia<\/span><\/td>\n<\/tr>\n<tr>\n<td class=\"xl63\" height=\"26\"><span style=\"font-family: verdana, geneva; font-size: 10pt; color: #993366;\">Cuevas, Marcelina<\/span><\/td>\n<\/tr>\n<tr>\n<td class=\"xl63\" height=\"26\"><span style=\"font-family: verdana, geneva; font-size: 10pt; color: #993366;\">Di Giacomo, Marcelo<\/span><\/td>\n<\/tr>\n<tr>\n<td class=\"xl63\" height=\"26\"><span style=\"font-family: verdana, geneva; font-size: 10pt; color: #993366;\">Ebbeke, B\u00e1rbara<\/span><\/td>\n<\/tr>\n<tr>\n<td class=\"xl63\" height=\"26\"><span style=\"font-family: verdana, geneva; font-size: 10pt; color: #993366;\">Echenique, Ana Mercedes<\/span><\/td>\n<\/tr>\n<tr>\n<td class=\"xl63\" height=\"26\"><span style=\"font-family: verdana, geneva; font-size: 10pt; color: #993366;\">Florencio, Sonia<\/span><\/td>\n<\/tr>\n<tr>\n<td class=\"xl63\" height=\"26\"><span style=\"font-family: verdana, geneva; font-size: 10pt; color: #993366;\">Garc\u00eda, Cristina<\/span><\/td>\n<\/tr>\n<tr>\n<td class=\"xl63\" height=\"26\"><span style=\"font-family: verdana, geneva; font-size: 10pt; color: #993366;\">Germade, Daniel<\/span><\/td>\n<\/tr>\n<tr>\n<td class=\"xl65\" height=\"26\"><span style=\"font-family: verdana, geneva; font-size: 10pt; color: #993366;\">Giraudo, Laura<\/span><\/td>\n<\/tr>\n<\/tbody>\n<\/table>\n<table style=\"width: 200px; height: 623px;\" border=\"0\" cellspacing=\"0\" cellpadding=\"0\">\n<colgroup>\n<col width=\"167\" \/> <\/colgroup>\n<tbody>\n<tr>\n<td class=\"xl66\" width=\"167\" height=\"26\"><span style=\"font-family: verdana, geneva; font-size: 10pt; color: #993366;\">Grasso, Ana<\/span><\/td>\n<\/tr>\n<tr>\n<td class=\"xl65\" height=\"26\"><span style=\"font-family: verdana, geneva; font-size: 10pt; color: #993366;\">Jorge, Adri\u00e1n<\/span><\/td>\n<\/tr>\n<tr>\n<td class=\"xl65\" height=\"26\"><span style=\"font-family: verdana, geneva; font-size: 10pt; color: #993366;\">Lamothe Coulomme, Evelina<\/span><\/td>\n<\/tr>\n<tr>\n<td class=\"xl65\" height=\"26\"><span style=\"font-family: verdana, geneva; font-size: 10pt; color: #993366;\">Lanzilotta, laura<\/span><\/td>\n<\/tr>\n<tr>\n<td class=\"xl65\" height=\"26\"><span style=\"font-family: verdana, geneva; font-size: 10pt; color: #993366;\">Lezcano, Gast\u00f3n<\/span><\/td>\n<\/tr>\n<tr>\n<td class=\"xl66\" height=\"26\"><span style=\"font-family: verdana, geneva; font-size: 10pt; color: #993366;\">Lucesole, Soledad<\/span><\/td>\n<\/tr>\n<tr>\n<td class=\"xl65\" height=\"26\"><span style=\"font-family: verdana, geneva; font-size: 10pt; color: #993366;\">Mangiaterra, Candelaria<\/span><\/td>\n<\/tr>\n<tr>\n<td class=\"xl65\" height=\"26\"><span style=\"font-family: verdana, geneva; font-size: 10pt; color: #993366;\">Mart\u00ednez, Dolores<\/span><\/td>\n<\/tr>\n<tr>\n<td class=\"xl65\" height=\"26\"><span style=\"font-family: verdana, geneva; font-size: 10pt; color: #993366;\">Mart\u00ednez, Mar\u00eda Gabrela<\/span><\/td>\n<\/tr>\n<tr>\n<td class=\"xl65\" height=\"26\"><span style=\"font-family: verdana, geneva; font-size: 10pt; color: #993366;\">Mayol, Sonia<\/span><\/td>\n<\/tr>\n<tr>\n<td class=\"xl65\" height=\"26\"><span style=\"font-family: verdana, geneva; font-size: 10pt; color: #993366;\">Molina, Andrea<\/span><\/td>\n<\/tr>\n<tr>\n<td class=\"xl65\" height=\"26\"><span style=\"font-family: verdana, geneva; font-size: 10pt; color: #993366;\">Mondaca, Evangelina<\/span><\/td>\n<\/tr>\n<tr>\n<td class=\"xl65\" height=\"26\"><span style=\"font-family: verdana, geneva; font-size: 10pt; color: #993366;\">M\u00fcller, Mirta<\/span><\/td>\n<\/tr>\n<tr>\n<td class=\"xl65\" height=\"26\"><span style=\"font-family: verdana, geneva; font-size: 10pt; color: #993366;\">Nasisi, Miguel<\/span><\/td>\n<\/tr>\n<tr>\n<td class=\"xl65\" height=\"26\"><span style=\"font-family: verdana, geneva; font-size: 10pt; color: #993366;\">Ocampo, Sergio<\/span><\/td>\n<\/tr>\n<tr>\n<td class=\"xl65\" height=\"26\"><span style=\"font-family: verdana, geneva; font-size: 10pt; color: #993366;\">Ocampo, Silvia<\/span><\/td>\n<\/tr>\n<tr>\n<td class=\"xl65\" height=\"26\"><span style=\"font-family: verdana, geneva; font-size: 10pt; color: #993366;\">Parada, Nelly<\/span><\/td>\n<\/tr>\n<tr>\n<td class=\"xl65\" height=\"26\"><span style=\"font-family: verdana, geneva; font-size: 10pt; color: #993366;\">P\u00e9rez, Norberto<\/span><\/td>\n<\/tr>\n<tr>\n<td class=\"xl65\" height=\"26\"><span style=\"font-family: verdana, geneva; font-size: 10pt; color: #993366;\">Pierdom\u00e9nico, Dar\u00edo<\/span><\/td>\n<\/tr>\n<tr>\n<td class=\"xl65\" height=\"26\"><span style=\"font-family: verdana, geneva; font-size: 10pt; color: #993366;\">Pires, Fernanda<\/span><\/td>\n<\/tr>\n<tr>\n<td class=\"xl65\" height=\"26\"><span style=\"font-family: verdana, geneva; font-size: 10pt; color: #993366;\">Rama, Victoria<\/span><\/td>\n<\/tr>\n<tr>\n<td class=\"xl65\" height=\"26\"><span style=\"font-family: verdana, geneva; font-size: 10pt; color: #993366;\">Reinoso, Martha<\/span><\/td>\n<\/tr>\n<tr>\n<td class=\"xl65\" height=\"26\"><span style=\"font-family: verdana, geneva; font-size: 10pt; color: #993366;\">Rey, Horacio<\/span><\/td>\n<\/tr>\n<\/tbody>\n<\/table>\n<table style=\"width: 256px; height: 306px;\" border=\"0\" cellspacing=\"0\" cellpadding=\"0\">\n<colgroup>\n<col width=\"167\" \/> <\/colgroup>\n<tbody>\n<tr>\n<td class=\"xl65\" width=\"167\" height=\"26\"><span style=\"font-family: verdana, geneva; font-size: 10pt; color: #993366;\">Sahores, Mariana<\/span><\/td>\n<\/tr>\n<tr>\n<td class=\"xl66\" height=\"26\"><span style=\"font-family: verdana, geneva; font-size: 10pt; color: #993366;\">Scatena, Ruggero<\/span><\/td>\n<\/tr>\n<tr>\n<td class=\"xl66\" height=\"26\"><span style=\"font-family: verdana, geneva; font-size: 10pt; color: #993366;\">Shwarztberg, Perla<\/span><\/td>\n<\/tr>\n<tr>\n<td class=\"xl66\" height=\"26\"><span style=\"font-family: verdana, geneva; font-size: 10pt; color: #993366;\">Siri, Florencia<\/span><\/td>\n<\/tr>\n<tr>\n<td class=\"xl66\" height=\"26\"><span style=\"font-family: verdana, geneva; font-size: 10pt; color: #993366;\">Sobrado, Andrea<\/span><\/td>\n<\/tr>\n<tr>\n<td class=\"xl66\" height=\"26\"><span style=\"font-family: verdana, geneva; font-size: 10pt; color: #993366;\">Spossetti, Roberto<\/span><\/td>\n<\/tr>\n<tr>\n<td class=\"xl66\" height=\"26\"><span style=\"font-family: verdana, geneva; font-size: 10pt; color: #993366;\">Topa, Graciela<\/span><\/td>\n<\/tr>\n<tr>\n<td class=\"xl66\" height=\"26\"><span style=\"font-family: verdana, geneva; font-size: 10pt; color: #993366;\">Urso, Ina<\/span><\/td>\n<\/tr>\n<tr>\n<td class=\"xl66\" height=\"26\"><span style=\"font-family: verdana, geneva; font-size: 10pt; color: #993366;\">Varela, Graciela<\/span><\/td>\n<\/tr>\n<tr>\n<td class=\"xl66\" height=\"26\"><span style=\"font-family: verdana, geneva; font-size: 10pt; color: #993366;\">Vila, Ana Mar\u00eda<\/span><\/td>\n<\/tr>\n<tr>\n<td class=\"xl66\" height=\"26\"><span style=\"font-family: verdana, geneva; font-size: 10pt; color: #993366;\">Villalibre, Lucia<\/span><\/td>\n<\/tr>\n<tr>\n<td class=\"xl66\" height=\"26\"><span style=\"font-family: verdana, geneva; font-size: 10pt; color: #993366;\">Young, Laura<\/span><\/td>\n<\/tr>\n<\/tbody>\n<\/table>\n","protected":false},"excerpt":{"rendered":"<p>El cuerpo docente est\u00e1 integrado por: Preceptores: Alejandra Rocha Manuela\u00a0Loustanau Ceferino Acosta Bibliotecarias: Alejandra Vasquez Rey Marcela Quintana Fonoaudi\u00f3logas: Luisa Araya Bugue\u00f1o Profesores: Ajuria, Lorena Alberro, Dora Almir\u00f3n, M\u00f3nica Ameijenda, Romina Araya B. Luisa Arias, Matilde Aristegui, Susana Ballester, Guadalupe Ben\u00edtez, Alejandra Carazo, Marcela Carretto, Carlos Santiago Clavijo, Cecilia Corbella, Luciano Cotichelli, Claudia Cotichelli, Noelia &#8230; <a title=\"Docentes\" class=\"read-more\" href=\"https:\/\/isfd66-bue.infd.edu.ar\/sitio\/docentes\/\" aria-label=\"More on Docentes\">[+]<\/a><\/p>\n","protected":false},"author":57,"featured_media":0,"parent":0,"menu_order":0,"comment_status":"closed","ping_status":"closed","template":"","meta":[],"acf":[],"_links":{"self":[{"href":"https:\/\/isfd66-bue.infd.edu.ar\/sitio\/wp-json\/wp\/v2\/pages\/791"}],"collection":[{"href":"https:\/\/isfd66-bue.infd.edu.ar\/sitio\/wp-json\/wp\/v2\/pages"}],"about":[{"href":"https:\/\/isfd66-bue.infd.edu.ar\/sitio\/wp-json\/wp\/v2\/types\/page"}],"author":[{"embeddable":true,"href":"https:\/\/isfd66-bue.infd.edu.ar\/sitio\/wp-json\/wp\/v2\/users\/57"}],"replies":[{"embeddable":true,"href":"https:\/\/isfd66-bue.infd.edu.ar\/sitio\/wp-json\/wp\/v2\/comments?post=791"}],"version-history":[{"count":3,"href":"https:\/\/isfd66-bue.infd.edu.ar\/sitio\/wp-json\/wp\/v2\/pages\/791\/revisions"}],"predecessor-version":[{"id":2047,"href":"https:\/\/isfd66-bue.infd.edu.ar\/sitio\/wp-json\/wp\/v2\/pages\/791\/revisions\/2047"}],"wp:attachment":[{"href":"https:\/\/isfd66-bue.infd.edu.ar\/sitio\/wp-json\/wp\/v2\/media?parent=791"}],"curies":[{"name":"wp","href":"https:\/\/api.w.org\/{rel}","templated":true}]}}