{"id":751,"date":"2018-08-29T17:05:13","date_gmt":"2018-08-29T20:05:13","guid":{"rendered":"https:\/\/isfd66-bue.infd.edu.ar\/sitio\/profesorado-en-educacion-inicial\/"},"modified":"2021-01-28T23:32:27","modified_gmt":"2021-01-29T02:32:27","slug":"profesorado-en-educacion-inicial","status":"publish","type":"page","link":"https:\/\/isfd66-bue.infd.edu.ar\/sitio\/profesorado-en-educacion-inicial\/","title":{"rendered":"Profesorado en Educaci\u00f3n Inicial"},"content":{"rendered":"<h2 class=\"Resaltado1\" style=\"text-align: center;\"><span style=\"font-size: 10pt;\">D\u00cdAS Y HORARIOS:<\/span><\/h2>\n<h2 class=\"Resaltado1\" style=\"text-align: center;\"><span style=\"font-size: 10pt;\">DE LUNES A VIERNES DE 13:00 A 17:00<\/span><\/h2>\n<p style=\"text-align: justify;\"><span style=\"font-size: 10pt;\">El instituto ofrece el Profesorado de Educaci\u00f3n Inicial como carrera abierta en forma permanente y cont\u00ednua.<\/span><\/p>\n<p style=\"text-align: justify;\"><span style=\"font-size: 10pt;\">Si la educaci\u00f3n p\u00fablica fue una de las pol\u00edticas culturales centrales en la etapa de la organizaci\u00f3n\u00a0<\/span><span style=\"font-size: 10pt;\">nacional y en los tiempos posteriores, hoy el docente es un actor clave para reconstruir el sentido\u00a0<\/span><span style=\"font-size: 10pt;\">sociopol\u00edtico de la escuela p\u00fablica y a la educaci\u00f3n p\u00fablica como pol\u00edtica cultural; para no dejar las\u00a0<\/span><span style=\"font-size: 10pt;\">pol\u00edticas culturales en manos del mercado ni de otros espacios corporativos.<\/span><br \/>\n<span style=\"font-size: 10pt;\">Para cumplir tales prop\u00f3sitos, s<\/span><span style=\"font-size: 10pt;\">e propicia\u00a0<\/span><span style=\"font-size: 10pt;\">la posibilidad de construir lineamientos prospectivos de manera continua, en una dial\u00e9ctica constante\u00a0<\/span><span style=\"font-size: 10pt;\">entre el trabajo pedag\u00f3gico y los contextos en los que el mismo se materializa. Esta din\u00e1mica implica\u00a0<\/span><span style=\"font-size: 10pt;\">un proceso que articula contextualizaci\u00f3n y especificaci\u00f3n curricular, que lleva a niveles sucesivos o\u00a0<\/span><span style=\"font-size: 10pt;\">crecientes de especificaci\u00f3n a medida del acercamiento a la relaci\u00f3n pedag\u00f3gica en el aula.<\/span><\/p>\n<p style=\"text-align: justify;\"><span style=\"font-size: 10pt;\">Este trabajo es posible con la colaboraci\u00f3n de los Jardines de Infantes del Distrito de Monte, los que reciben a los estudiantes del profesorado a\u00f1o tras a\u00f1o, permiti\u00e9ndoles realizar sus Pr\u00e1cticas y Residencias en los mismos.<\/span><\/p>\n<p>Enlace a\u00a0\u00a0<a href=\"http:\/\/servicios.abc.gov.ar\/lainstitucion\/organismos\/consejogeneral\/disenioscurriculares\/documentosdescarga\/dcurricularsuperior.pdf\">Resoluci\u00f3n N\u00b0 4154\/07\u00a0<\/a><\/p>\n<p><img decoding=\"async\" loading=\"lazy\" class=\"alignnone size-full wp-image-1629\" src=\"https:\/\/isfd66-bue.infd.edu.ar\/sitio\/wp-content\/uploads\/2021\/01\/PEI-correlatividades.jpg\" alt=\"\" width=\"588\" height=\"838\" \/><\/p>\n<p>&nbsp;<\/p>\n","protected":false},"excerpt":{"rendered":"<p>D\u00cdAS Y HORARIOS: DE LUNES A VIERNES DE 13:00 A 17:00 El instituto ofrece el Profesorado de Educaci\u00f3n Inicial como carrera abierta en forma permanente y cont\u00ednua. Si la educaci\u00f3n p\u00fablica fue una de las pol\u00edticas culturales centrales en la etapa de la organizaci\u00f3n\u00a0nacional y en los tiempos posteriores, hoy el docente es un actor &#8230; <a title=\"Profesorado en Educaci\u00f3n Inicial\" class=\"read-more\" href=\"https:\/\/isfd66-bue.infd.edu.ar\/sitio\/profesorado-en-educacion-inicial\/\" aria-label=\"More on Profesorado en Educaci\u00f3n Inicial\">[+]<\/a><\/p>\n","protected":false},"author":57,"featured_media":0,"parent":0,"menu_order":0,"comment_status":"closed","ping_status":"closed","template":"","meta":[],"acf":[],"_links":{"self":[{"href":"https:\/\/isfd66-bue.infd.edu.ar\/sitio\/wp-json\/wp\/v2\/pages\/751"}],"collection":[{"href":"https:\/\/isfd66-bue.infd.edu.ar\/sitio\/wp-json\/wp\/v2\/pages"}],"about":[{"href":"https:\/\/isfd66-bue.infd.edu.ar\/sitio\/wp-json\/wp\/v2\/types\/page"}],"author":[{"embeddable":true,"href":"https:\/\/isfd66-bue.infd.edu.ar\/sitio\/wp-json\/wp\/v2\/users\/57"}],"replies":[{"embeddable":true,"href":"https:\/\/isfd66-bue.infd.edu.ar\/sitio\/wp-json\/wp\/v2\/comments?post=751"}],"version-history":[{"count":1,"href":"https:\/\/isfd66-bue.infd.edu.ar\/sitio\/wp-json\/wp\/v2\/pages\/751\/revisions"}],"predecessor-version":[{"id":1630,"href":"https:\/\/isfd66-bue.infd.edu.ar\/sitio\/wp-json\/wp\/v2\/pages\/751\/revisions\/1630"}],"wp:attachment":[{"href":"https:\/\/isfd66-bue.infd.edu.ar\/sitio\/wp-json\/wp\/v2\/media?parent=751"}],"curies":[{"name":"wp","href":"https:\/\/api.w.org\/{rel}","templated":true}]}}