{"id":1550,"date":"2020-12-03T17:53:39","date_gmt":"2020-12-03T20:53:39","guid":{"rendered":"https:\/\/isfd66-bue.infd.edu.ar\/sitio\/?page_id=1550"},"modified":"2021-12-16T20:35:52","modified_gmt":"2021-12-16T23:35:52","slug":"inscripciones-2021","status":"publish","type":"page","link":"https:\/\/isfd66-bue.infd.edu.ar\/sitio\/inscripciones-2021\/","title":{"rendered":"INSCRIPCIONES 2022"},"content":{"rendered":"<header class=\"entry-header\">\n<h1 class=\"page-title\">\u00a0<\/h1>\n<\/header>\n<div class=\"entry-content clearfix\">\n<h2 class=\"has-text-align-center has-vivid-green-cyan-color has-text-color has-huge-font-size\"><strong>Procedimiento para el Ingreso 2022<\/strong>\u00a0<strong>al I.S.F.D. y T. 66<\/strong><\/h2>\n<p><strong>Los aspirantes a las distintas carreras del ISFDyT N\u00ba 66 realizar\u00e1n su ingreso en 2 etapas, la primera es completar el formulario on line y la segunda presentando la documentacion requerida con fecha limite 31 de Marzo, por favor, lea atentamente cada paso hasta el final de la p\u00e1gina, siga bajando con el cursor.<\/strong><\/p>\n<p>\u00a0<\/p>\n<h2>\u00a0<\/h2>\n<h2 class=\"has-vivid-cyan-blue-color has-text-color has-huge-font-size\" style=\"text-align: center;\"><span style=\"color: #0000ff;\"><strong>1\u00ba Etapa: Pre-Inscripci\u00f3n Institucional ( A partir del 1\u00b0 de Diciembre de 2021).<\/strong><\/span><\/h2>\n<p><strong>Formulario Institucional Online<\/strong><\/p>\n<p><strong>A:<\/strong>\u00a0Completar el\u00a0<strong>Formulario Institucional online por carrera<\/strong> , enviar y continuar con la Segunda Etapa.\u00a0<\/p>\n<p>Deber\u00e1 adjuntar a este formulario solo la cara de frente del DNI, tenerla escaneado previamente , el formulario no le permitir\u00e1 completarlo si no carga la foto de su DNI.<\/p>\n<figure class=\"wp-block-image size-large\"><img decoding=\"async\" class=\"wp-image-2303\" src=\"https:\/\/isfdyt77.files.wordpress.com\/2020\/10\/download.jpg?w=285\" sizes=\"(max-width: 285px) 100vw, 285px\" srcset=\"https:\/\/isfdyt77.files.wordpress.com\/2020\/10\/download.jpg 285w, https:\/\/isfdyt77.files.wordpress.com\/2020\/10\/download.jpg?w=150 150w\" alt=\"\" data-attachment-id=\"2303\" data-permalink=\"https:\/\/isfdyt77.org\/download-5\/\" data-orig-file=\"https:\/\/isfdyt77.files.wordpress.com\/2020\/10\/download.jpg\" data-orig-size=\"285,177\" data-comments-opened=\"1\" data-image-meta=\"{&quot;aperture&quot;:&quot;0&quot;,&quot;credit&quot;:&quot;&quot;,&quot;camera&quot;:&quot;&quot;,&quot;caption&quot;:&quot;&quot;,&quot;created_timestamp&quot;:&quot;0&quot;,&quot;copyright&quot;:&quot;&quot;,&quot;focal_length&quot;:&quot;0&quot;,&quot;iso&quot;:&quot;0&quot;,&quot;shutter_speed&quot;:&quot;0&quot;,&quot;title&quot;:&quot;&quot;,&quot;orientation&quot;:&quot;0&quot;}\" data-image-title=\"download\" data-image-description=\"\" data-medium-file=\"https:\/\/isfdyt77.files.wordpress.com\/2020\/10\/download.jpg?w=285\" data-large-file=\"https:\/\/isfdyt77.files.wordpress.com\/2020\/10\/download.jpg?w=285\" \/><\/figure>\n<p><strong>Seleccionar el Formulario Institucional online:\u00a0<\/strong><\/p>\n<p><strong>\u00a0 \u00a0<\/strong><strong>\u00a0 \u00a0 \u00a0 \u00a0 \u00a0 \u00a0 \u00a0 \u00a0 \u00a0 \u00a0 \u00a0 \u00a0 \u00a0Turno Tarde:\u00a0 13 hs a 18 hs\u00a0 \u00a0 \u00a0 \u00a0 \u00a0 \u00a0 \u00a0 \u00a0 \u00a0 \u00a0 \u00a0 \u00a0 \u00a0 \u00a0 \u00a0 \u00a0 \u00a0 \u00a0 \u00a0 \u00a0 \u00a0 \u00a0 \u00a0 \u00a0 \u00a0 \u00a0Descarga\u00a0<\/strong><\/p>\n<ul>\n<li><a href=\"https:\/\/forms.gle\/sQU4qyDiEoERapfH7\">Profesorado en Educaci\u00f3n Inicial<\/a>,\u00a0 \u00a0 \u00a0 \u00a0 \u00a0 \u00a0 \u00a0 \u00a0 \u00a0 \u00a0 \u00a0 \u00a0 \u00a0 \u00a0 \u00a0 \u00a0 \u00a0 \u00a0 \u00a0 \u00a0 \u00a0 \u00a0 \u00a0 \u00a0 \u00a0 (<a href=\"http:\/\/servicios.abc.gov.ar\/lainstitucion\/organismos\/consejogeneral\/disenioscurriculares\/documentosdescarga\/dcurricularsuperior.pdf\">Resoluci\u00f3n\u00a0 4154\/07<\/a>)<\/li>\n<li><a href=\"https:\/\/forms.gle\/ZZEpGfNF5mXXHxmR9\">Profesorado en Educaci\u00f3n Primaria<\/a>,\u00a0 \u00a0 \u00a0 \u00a0 \u00a0 \u00a0 \u00a0 \u00a0 \u00a0 \u00a0 \u00a0 \u00a0 \u00a0 \u00a0 \u00a0 \u00a0 \u00a0 \u00a0 \u00a0 \u00a0 \u00a0 \u00a0 \u00a0(<a href=\"http:\/\/servicios.abc.gov.ar\/lainstitucion\/organismos\/consejogeneral\/disenioscurriculares\/documentosdescarga\/dcurricularsuperior.pdf\">Resoluci\u00f3n\u00a0 4154\/07<\/a>)<\/li>\n<li><a href=\"https:\/\/forms.gle\/vxHndT9nYVSbKY6q6\">Profesorado de Educaci\u00f3n Secundaria en Matem\u00e1tica<\/a>,\u00a0 \u00a0 \u00a0 \u00a0 \u00a0 \u00a0 (<a href=\"https:\/\/isfd66-bue.infd.edu.ar\/sitio\/wp-content\/uploads\/2021\/11\/Nuevo-diseno-Profesorado-de-Educacion-Secundaria-en-Matematica.pdf\">Resoluci\u00f3n 2017-05132972<\/a>)\u00a0<\/li>\n<li><a href=\"https:\/\/forms.gle\/FmfAmnkK6da7Ya9b6\">Tecnicatura Superior en Administraci\u00f3n Financiera<\/a>,\u00a0 \u00a0 \u00a0 \u00a0 \u00a0 \u00a0 \u00a0 \u00a0 \u00a0 (<a href=\"https:\/\/isfd66-bue.infd.edu.ar\/sitio\/wp-content\/uploads\/2021\/11\/admfinancierares277_03-1.pdf\">Resoluci\u00f3n 277_03-1<\/a>)<\/li>\n<\/ul>\n<p><strong>\u00a0 \u00a0 \u00a0 \u00a0 \u00a0 \u00a0 \u00a0 \u00a0 \u00a0 \u00a0 \u00a0 \u00a0 Turno Noche:\u00a0 18 hs a 22 hs<\/strong><\/p>\n<ul>\n<li><a href=\"https:\/\/forms.gle\/ZM8W817uBPiDJfVv7\">Tecnicatura Superior en Gesti\u00f3n Ambiental y Salud<\/a>,\u00a0 \u00a0 \u00a0 \u00a0 \u00a0 \u00a0 \u00a0 \u00a0 \u00a0 \u00a0(<a href=\"https:\/\/isfd66-bue.infd.edu.ar\/sitio\/wp-content\/uploads\/2021\/11\/442-08gestionambientalysalud.pdf\">Resoluci\u00f3n 442-08<\/a> )<\/li>\n<li><a href=\"https:\/\/forms.gle\/BNGc23rkrr8GGgXM9\">Tecnicatura Superior en Comunicaci\u00f3n Multimedial<\/a>,\u00a0 \u00a0 \u00a0 \u00a0 \u00a0 \u00a0 \u00a0 \u00a0 \u00a0 (<a href=\"https:\/\/drive.google.com\/file\/d\/1zEvUWrQPHRk2th7TscdY8U82V0-XiCQG\/view?usp=sharing\">Resoluci\u00f3n 6179_03<\/a>)<\/li>\n<\/ul>\n<p><span style=\"color: #ff0000;\"><strong>El env\u00edo de este formulario institucional , NO SIGNIFICA que est\u00e9 ya inscripto; s\u00f3lo tendr\u00e1 su vacante al terminar con la 2\u00b0 etapa de la inscripci\u00f3n.<\/strong><\/span><\/p>\n<hr \/><\/div>\n<div class=\"entry-content clearfix\">\n<h2 class=\"has-vivid-cyan-blue-color has-text-color\" style=\"text-align: center;\"><a href=\"https:\/\/isfd66-bue.infd.edu.ar\/sitio\/wp-content\/uploads\/2020\/09\/A1_editable.pdf\"><span style=\"color: #0000ff;\">2\u00b0 Etapa de inscripci\u00f3n.<\/span><\/a><\/h2>\n<p><strong>En esta Etapa deber\u00e1n concurrir al\u00a0 Instituto (AV. San Mart\u00edn 687)\u00a0 de 13.30 hs a 21:00 hs, con los originales de la documentaci\u00f3n y fotocopias, fecha limite 31de marzo 2022.<\/strong><\/p>\n<ol>\n<li><strong>PLANILLA DE INSCRIPCION\u00a0 \u00a0(Descargar\u00a0 <a href=\"https:\/\/isfd66-bue.infd.edu.ar\/sitio\/wp-content\/uploads\/2020\/09\/A1_editable.pdf\">aqu\u00ed<\/a>)<\/strong><\/li>\n<li><strong> FOTOCOPIA TITULO SECUNDARIO<\/strong><\/li>\n<li><strong>FOTOCOPIA DNI <\/strong><\/li>\n<li><strong>FOTOCOPIA PARTIDA DE NACIMIENTO <\/strong><\/li>\n<li><strong>CERTIFICADO MEDICO DE BUENA SALUD <\/strong><\/li>\n<li><strong>FOLIO\u00a0<\/strong><\/li>\n<\/ol>\n<p>\u00a0<\/p>\n<p><strong>A partir de este momento se encuentra inscripto.<\/strong><\/p>\n<p><strong>Bienvenidos a Nuestra querida Comunidad Educativa!!!<\/strong><\/p>\n<hr class=\"wp-block-separator\" \/>\n<p class=\"has-pale-pink-background-color has-background\" style=\"text-align: center;\"><span style=\"color: #ffffff;\"><strong>ASOCIACI\u00d3N COOPERADORA :<\/strong><\/span><\/p>\n<p class=\"has-pale-pink-background-color has-background\" style=\"text-align: left;\"><span style=\"color: #ffffff;\"><strong>EL MONTO ANUAL $ 800 (2022) PARA TODAS LAS CARRERAS,\u00a0 \u00a0SI BIEN ES UN PAGO VOLUNTARIO ES MUY NECESARIO PARA EL BUEN FUNCIONAMIENTO DE LA INSTITUCI\u00d3N.<\/strong><\/span><\/p>\n<\/div>\n\n\n<p><\/p>\n","protected":false},"excerpt":{"rendered":"<p>\u00a0 Procedimiento para el Ingreso 2022\u00a0al I.S.F.D. y T. 66 Los aspirantes a las distintas carreras del ISFDyT N\u00ba 66 realizar\u00e1n su ingreso en 2 etapas, la primera es completar el formulario on line y la segunda presentando la documentacion requerida con fecha limite 31 de Marzo, por favor, lea atentamente cada paso hasta el &#8230; <a title=\"INSCRIPCIONES 2022\" class=\"read-more\" href=\"https:\/\/isfd66-bue.infd.edu.ar\/sitio\/inscripciones-2021\/\" aria-label=\"More on INSCRIPCIONES 2022\">[+]<\/a><\/p>\n","protected":false},"author":68,"featured_media":0,"parent":0,"menu_order":0,"comment_status":"closed","ping_status":"closed","template":"","meta":[],"acf":[],"_links":{"self":[{"href":"https:\/\/isfd66-bue.infd.edu.ar\/sitio\/wp-json\/wp\/v2\/pages\/1550"}],"collection":[{"href":"https:\/\/isfd66-bue.infd.edu.ar\/sitio\/wp-json\/wp\/v2\/pages"}],"about":[{"href":"https:\/\/isfd66-bue.infd.edu.ar\/sitio\/wp-json\/wp\/v2\/types\/page"}],"author":[{"embeddable":true,"href":"https:\/\/isfd66-bue.infd.edu.ar\/sitio\/wp-json\/wp\/v2\/users\/68"}],"replies":[{"embeddable":true,"href":"https:\/\/isfd66-bue.infd.edu.ar\/sitio\/wp-json\/wp\/v2\/comments?post=1550"}],"version-history":[{"count":60,"href":"https:\/\/isfd66-bue.infd.edu.ar\/sitio\/wp-json\/wp\/v2\/pages\/1550\/revisions"}],"predecessor-version":[{"id":2002,"href":"https:\/\/isfd66-bue.infd.edu.ar\/sitio\/wp-json\/wp\/v2\/pages\/1550\/revisions\/2002"}],"wp:attachment":[{"href":"https:\/\/isfd66-bue.infd.edu.ar\/sitio\/wp-json\/wp\/v2\/media?parent=1550"}],"curies":[{"name":"wp","href":"https:\/\/api.w.org\/{rel}","templated":true}]}}